 the remainder when 6728 is divided by 127?
124
What is the remainder when 45 is divided by 17?
11
What is the remainder when 312 is divided by 7?
4
What is the remainder when 385 is divided by 36?
25
Calculate the remainder when 755 is divided by 37.
15
What is the remainder when 575 is divided by 8?
7
Calculate the remainder when 14588 is divided by 5.
3
Calculate the remainder when 256 is divided by 44.
36
What is the remainder when 1424 is divided by 53?
46
Calculate the remainder when 551 is divided by 79.
77
What is the remainder when 1115 is divided by 74?
5
What is the remainder when 802 is divided by 30?
22
What is the remainder when 166 is divided by 30?
16
Calculate the remainder when 72 is divided by 53.
19
Calculate the remainder when 49 is divided by 23.
3
Calculate the remainder when 1016 is divided by 20.
16
Calculate the remainder when 18 is divided by 8.
2
Calculate the remainder when 1644 is divided by 7.
6
What is the remainder when 459 is divided by 20?
19
Calculate the remainder when 272 is divided by 30.
2
What is the remainder when 89 is divided by 17?
4
Calculate the remainder when 94 is divided by 19.
18
Calculate the remainder when 760 is divided by 22.
12
Calculate the remainder when 747 is divided by 335.
77
Calculate the remainder when 329 is divided by 15.
14
What is the remainder when 989 is divided by 66?
65
Calculate the remainder when 103 is divided by 44.
15
Calculate the remainder when 231 is divided by 33.
0
Calculate the remainder when 409 is divided by 70.
59
What is the remainder when 729 is divided by 8?
1
What is the remainder when 440 is divided by 99?
44
Calculate the remainder when 3677 is divided by 46.
43
What is the remainder when 357 is divided by 2?
1
What is the remainder when 5711 is divided by 48?
47
Calculate the remainder when 33 is divided by 12.
9
What is the remainder when 796 is divided by 134?
126
What is the remainder when 387 is divided by 3?
0
What is the remainder when 871 is divided by 78?
13
Calculate the remainder when 208 is divided by 61.
25
What is the remainder when 756 is divided by 188?
4
What is the remainder when 502 is divided by 231?
40
Calculate the remainder when 688 is divided by 53.
52
What is the remainder when 1761 is divided by 197?
185
Calculate the remainder when 99 is divided by 26.
21
What is the remainder when 26 is divided by 6?
2
Calculate the remainder when 1900 is divided by 391.
336
What is the remainder when 7 is divided by 4?
3
Calculate the remainder when 151 is divided by 39.
34
Calculate the remainder when 314 is divided by 17.
8
Calculate the remainder when 218 is divided by 115.
103
What is the remainder when 320 is divided by 14?
12
Calculate the remainder when 9690 is divided by 313.
300
Calculate the remainder when 1689 is divided by 188.
185
What is the remainder when 755 is divided by 54?
53
What is the remainder when 91 is divided by 4?
3
What is the remainder when 335 is divided by 84?
83
Calculate the remainder when 258 is divided by 13.
11
What is the remainder when 125 is divided by 71?
54
What is the remainder when 4035 is divided by 6?
3
Calculate the remainder when 941 is divided by 9.
5
Calculate the remainder when 179 is divided by 33.
14
Calculate the remainder when 531 is divided by 67.
62
What is the remainder when 866 is divided by 62?
60
Calculate the remainder when 112 is divided by 14.
0
Calculate the remainder when 296 is divided by 61.
52
Calculate the remainder when 2368 is divided by 30.
28
What is the remainder when 696 is divided by 151?
92
What is the remainder when 90 is divided by 87?
3
What is the remainder when 7513 is divided by 2500?
13
Calculate the remainder when 762 is divided by 671.
91
What is the remainder when 49 is divided by 37?
12
What is the remainder when 680 is divided by 9?
5
Calculate the remainder when 172 is divided by 25.
22
Calculate the remainder when 2846 is divided by 89.
87
Calculate the remainder when 98 is divided by 29.
11
Calculate the remainder when 58 is divided by 39.
19
What is the remainder when 86 is divided by 10?
6
What is the remainder when 39 is divided by 8?
7
Calculate the remainder when 26 is divided by 7.
5
What is the remainder when 21 is divided by 14?
7
Calculate the remainder when 3160 is divided by 629.
15
Calculate the remainder when 272 is divided by 42.
20
What is the remainder when 231 is divided by 28?
7
What is the remainder when 31 is divided by 16?
15
What is the remainder when 1024 is divided by 1016?
8
Calculate the remainder when 329 is divided by 22.
21
What is the remainder when 2965 is divided by 371?
368
What is the remainder when 288 is divided by 29?
27
Calculate the remainder when 4711 is divided by 39.
31
What is the remainder when 88 is divided by 33?
22
Calculate the remainder when 254 is divided by 20.
14
Calculate the remainder when 1590 is divided by 42.
36
Calculate the remainder when 20447 is divided by 11.
9
Calculate the remainder when 1664 is divided by 39.
26
Calculate the remainder when 393 is divided by 112.
57
Calculate the remainder when 13658 is divided by 22.
18
What is the remainder when 261 is divided by 146?
115
Calculate the remainder when 206 is divided by 15.
11
What is the remainder when 585 is divided by 170?
75
Calculate the remainder when 547 is divided by 50.
47
What is the remainder when 1037 is divided by 171?
11
What is the remainder when 44 is divided by 28?
16
Calculate the remainder when 56 is divided by 27.
2
Calculate the remainder when 263 is divided by 87.
2
What is the remainder when 73 is divided by 19?
16
Calculate the remainder when 18 is divided by 7.
4
What is the remainder when 98997 is divided by 18?
15
Calculate the remainder when 41 is divided by 12.
5
Calculate the remainder when 256 is divided by 26.
22
Calculate the remainder when 104 is divided by 53.
51
Calculate the remainder when 178 is divided by 15.
13
Calculate the remainder when 596 is divided by 201.
194
Calculate the remainder when 1604 is divided by 760.
84
What is the remainder when 427 is divided by 72?
67
What is the remainder when 1225 is divided by 54?
37
What is the remainder when 204 is divided by 14?
8
Calculate the remainder when 503 is divided by 247.
9
What is the remainder when 303 is divided by 58?
13
Calculate the remainder when 100 is divided by 45.
10
What is the remainder when 449 is divided by 7?
1
What is the remainder when 89 is divided by 47?
42
What is the remainder when 594 is divided by 207?
180
What is the remainder when 151 is divided by 14?
11
What is the remainder when 1183 is divided by 199?
188
What is the remainder when 633 is divided by 11?
6
What is the remainder when 30 is divided by 23?
7
What is the remainder when 339 is divided by 110?
9
Calculate the remainder when 2323 is divided by 145.
3
What is the remainder when 1324 is divided by 52?
24
Calculate the remainder when 566 is divided by 27.
26
What is the remainder when 746 is divided by 11?
9
What is the remainder when 1212 is divided by 27?
24
Calculate the remainder when 336 is divided by 108.
12
What is the remainder when 6953 is divided by 65?
63
Calculate the remainder when 83 is divided by 19.
7
Calculate the remainder when 64 is divided by 39.
25
What is the remainder when 3466 is divided by 68?
66
What is the remainder when 169 is divided by 90?
79
Calculate the remainder when 151 is divided by 7.
4
What is the remainder when 494 is divided by 42?
32
What is the remainder when 286 is divided by 99?
88
Calculate the remainder when 118 is divided by 32.
22
What is the remainder when 809 is divided by 258?
35
What is the remainder when 41 is divided by 21?
20
Calculate the remainder when 317 is divided by 81.
74
Calculate the remainder when 135 is divided by 8.
7
What is the remainder when 5291 is divided by 220?
11
Calculate the remainder when 234 is divided by 228.
6
Calculate the remainder when 1301 is divided by 14.
13
Calculate the remainder when 3988 is divided by 114.
112
Calculate the remainder when 154 is divided by 81.
73
What is the remainder when 969 is divided by 12?
9
What is the remainder when 81 is divided by 51?
30
What is the remainder when 22 is divided by 10?
2
What is the remainder when 554 is divided by 88?
26
Wh